{"id":83,"date":"2015-04-21T12:10:23","date_gmt":"2015-04-21T11:10:23","guid":{"rendered":"http:\/\/anthony-weber.fr\/?page_id=83"},"modified":"2017-12-15T10:20:10","modified_gmt":"2017-12-15T09:20:10","slug":"coordonnees","status":"publish","type":"page","link":"http:\/\/anthony-weber.fr\/?page_id=83","title":{"rendered":"Coordonn\u00e9es"},"content":{"rendered":"<p><img loading=\"lazy\" decoding=\"async\" class=\"alignright wp-image-5 size-medium\" src=\"http:\/\/anthony-weber.fr\/wp-content\/uploads\/2014\/09\/IMG_4272-300x300.jpg\" alt=\"IMG_4272\" width=\"300\" height=\"300\" srcset=\"http:\/\/anthony-weber.fr\/wp-content\/uploads\/2014\/09\/IMG_4272-300x300.jpg 300w, http:\/\/anthony-weber.fr\/wp-content\/uploads\/2014\/09\/IMG_4272-150x150.jpg 150w, http:\/\/anthony-weber.fr\/wp-content\/uploads\/2014\/09\/IMG_4272-1024x1024.jpg 1024w\" sizes=\"(max-width: 300px) 100vw, 300px\" \/><\/p>\n<h1>CABINET CREUSE :<\/h1>\n<p><iframe loading=\"lazy\" style=\"border: 0;\" src=\"https:\/\/www.google.com\/maps\/embed?pb=!1m14!1m8!1m3!1d11025.092939015085!2d1.6665822!3d46.3044108!3m2!1i1024!2i768!4f13.1!3m3!1m2!1s0x0%3A0xb566034650398c7f!2sCabinet+Echographie+Obstetrique+et+Gyn%C3%A9cologique+-+Creuse!5e0!3m2!1sfr!2sfr!4v1509920669674\" width=\"600\" height=\"450\" frameborder=\"0\" allowfullscreen=\"allowfullscreen\"><\/iframe><br \/>\nLa maison de sant\u00e9 se situe 18 rue de la barre \u00e0 Dun-le-Palestel<\/p>\n<p>T\u00e9l :\u00a0 05 87 57 16 47 &#8211; 06 18 35 17 28<\/p>\n<p>Les consultations d&rsquo;\u00e9chographies sont uniquement sur rendez-vous.<\/p>\n<p>&nbsp;<\/p>\n<p>&nbsp;<\/p>\n<h1>CABINET INDRE (36)\u00a0:<\/h1>\n<p><iframe loading=\"lazy\" style=\"border: 0;\" src=\"https:\/\/www.google.com\/maps\/embed?pb=!1m14!1m8!1m3!1d5460.376539053343!2d1.697049416207892!3d46.820293568523205!3m2!1i1024!2i768!4f13.1!3m3!1m2!1s0x0%3A0x49995f1836ef0c17!2sCabinet+d'%C3%A9chographie+Obst%C3%A9trique+et+gyn%C3%A9cologie!5e0!3m2!1sfr!2sfr!4v1509920727682\" width=\"600\" height=\"450\" frameborder=\"0\" allowfullscreen=\"allowfullscreen\"><\/iframe><\/p>\n<p>Le cabinet se situe au 32 rue de la Bi\u00e8vre\u00a0\u00e0 Ch\u00e2teauroux.<\/p>\n<p>Les consultations d&rsquo;\u00e9chographies sont uniquement sur rendez-vous.<\/p>\n<p>T\u00e9l :\u00a0 05 87 57 16 47 &#8211; 06 18 35 17 28<\/p>\n<p>&nbsp;<\/p>\n","protected":false},"excerpt":{"rendered":"<p>CABINET CREUSE : La maison de sant\u00e9 se situe 18 rue de la barre \u00e0 Dun-le-Palestel T\u00e9l :\u00a0 05 87 57 16 47 &#8211; 06 18 35 17 28 Les consultations d&rsquo;\u00e9chographies sont uniquement sur rendez-vous. &nbsp; &nbsp; CABINET INDRE<\/p>\n","protected":false},"author":1,"featured_media":0,"parent":0,"menu_order":0,"comment_status":"closed","ping_status":"closed","template":"","meta":{"footnotes":""},"_links":{"self":[{"href":"http:\/\/anthony-weber.fr\/index.php?rest_route=\/wp\/v2\/pages\/83"}],"collection":[{"href":"http:\/\/anthony-weber.fr\/index.php?rest_route=\/wp\/v2\/pages"}],"about":[{"href":"http:\/\/anthony-weber.fr\/index.php?rest_route=\/wp\/v2\/types\/page"}],"author":[{"embeddable":true,"href":"http:\/\/anthony-weber.fr\/index.php?rest_route=\/wp\/v2\/users\/1"}],"replies":[{"embeddable":true,"href":"http:\/\/anthony-weber.fr\/index.php?rest_route=%2Fwp%2Fv2%2Fcomments&post=83"}],"version-history":[{"count":16,"href":"http:\/\/anthony-weber.fr\/index.php?rest_route=\/wp\/v2\/pages\/83\/revisions"}],"predecessor-version":[{"id":341,"href":"http:\/\/anthony-weber.fr\/index.php?rest_route=\/wp\/v2\/pages\/83\/revisions\/341"}],"wp:attachment":[{"href":"http:\/\/anthony-weber.fr\/index.php?rest_route=%2Fwp%2Fv2%2Fmedia&parent=83"}],"curies":[{"name":"wp","href":"https:\/\/api.w.org\/{rel}","templated":true}]}}

Coordonnées

<p><img loading="lazy" decoding="async" class="alignright wp-image-5 size-medium" src="http://anthony-weber.fr/wp-content/uploads/2014/09/IMG_4272-300x300.jpg" alt="IMG_4272" width="300" height="300" srcset="http://anthony-weber.fr/wp-content/uploads/2014/09/IMG_4272-300x300.jpg 300w, http://anthony-weber.fr/wp-content/uploads/2014/09/IMG_4272-150x150.jpg 150w, http://anthony-weber.fr/wp-content/uploads/2014/09/IMG_4272-1024x1024.jpg 1024w" sizes="(max-width: 300px) 100vw, 300px" /></p>
<h1>CABINET CREUSE :</h1>
<p><iframe loading="lazy" style="border: 0;" src="https://www.google.com/maps/embed?pb=!1m14!1m8!1m3!1d11025.092939015085!2d1.6665822!3d46.3044108!3m2!1i1024!2i768!4f13.1!3m3!1m2!1s0x0%3A0xb566034650398c7f!2sCabinet+Echographie+Obstetrique+et+Gyn%C3%A9cologique+-+Creuse!5e0!3m2!1sfr!2sfr!4v1509920669674" width="600" height="450" frameborder="0" allowfullscreen="allowfullscreen"></iframe><br />
La maison de santé se situe 18 rue de la barre à Dun-le-Palestel</p>
<p>Tél :  05 87 57 16 47 &#8211; 06 18 35 17 28</p>
<p>Les consultations d&rsquo;échographies sont uniquement sur rendez-vous.</p>
<p>&nbsp;</p>
<p>&nbsp;</p>
<h1>CABINET INDRE (36) :</h1>
<p><iframe loading="lazy" style="border: 0;" src="https://www.google.com/maps/embed?pb=!1m14!1m8!1m3!1d5460.376539053343!2d1.697049416207892!3d46.820293568523205!3m2!1i1024!2i768!4f13.1!3m3!1m2!1s0x0%3A0x49995f1836ef0c17!2sCabinet+d'%C3%A9chographie+Obst%C3%A9trique+et+gyn%C3%A9cologie!5e0!3m2!1sfr!2sfr!4v1509920727682" width="600" height="450" frameborder="0" allowfullscreen="allowfullscreen"></iframe></p>
<p>Le cabinet se situe au 32 rue de la Bièvre à Châteauroux.</p>
<p>Les consultations d&rsquo;échographies sont uniquement sur rendez-vous.</p>
<p>Tél :  05 87 57 16 47 &#8211; 06 18 35 17 28</p>
<p>&nbsp;</p>

<p>CABINET CREUSE : La maison de santé se situe 18 rue de la barre à Dun-le-Palestel Tél :  05 87 57 16 47 &#8211; 06 18 35 17 28 Les consultations d&rsquo;échographies sont uniquement sur rendez-vous. &nbsp; &nbsp; CABINET INDRE</p>
